). What is the highest common divisor of 56 and z?
28
Let w be (-2)/4 + 14/4. Suppose 0 = w*h + 6 - 51. What is the highest common divisor of 105 and h?
15
Let a(d) = 3*d - 65. Let k be a(23). What is the greatest common divisor of k and 36?
4
Let x = 12 - 0. Suppose -70 = -s + 5*t, -3*t = -5*s + 164 + 142. What is the greatest common divisor of x and s?
12
Let w be (2/(-4))/((-3)/420). Let u = 80 + -13. Let d = u - 39. Calculate the highest common factor of w and d.
14
Let t = -2 + 1. Let y = 6 + t. Suppose o + 2 - 3 = 0. What is the greatest common divisor of o and y?
1
Let o be 18/30*(4 - -1). Suppose o*u = 5*k - 13, 5*k + 3*u = -u + 6. Let j = 25 + -9. What is the highest common factor of j and k?
2
Let h(r) = r**2 + r. Let c be h(1). Suppose 0 = -c*v + 44 - 0. What is the greatest common factor of 2 and v?
2
Let o = -20 - -40. What is the greatest common factor of 50 and o?
10
Let q = 9 + -1. Let b be 0/2 + q*14. What is the highest common factor of b and 14?
14
Suppose 3*c = -2*q + 52 + 56, 0 = 4*c - 3*q - 144. Let r be 20/35*7/1. What is the highest common factor of r and c?
4
Let c(s) = s**2 + 3*s - 4. Let n be c(-8). What is the greatest common factor of 24 and n?
12
Let c(d) = -3*d - 1. Let y be c(-3). Calculate the highest common factor of y and 40.
8
Let r be 15/(-2 + (-45)/(-21)). Suppose 5*l + r = 10*l. Calculate the highest common divisor of l and 7.
7
Let h = 359 - 251. Calculate the greatest common divisor of 12 and h.
12
Let o(k) = 5*k - 7. Let v be o(4). Calculate the greatest common divisor of v and 104.
13
Suppose -12 = -q + 26. What is the greatest common divisor of q and 418?
38
Let m = 148 + -84. Suppose 3*q + 4 = -4*c + m, -5*q = 5*c - 80. Let i = -174 + 182. What is the highest common divisor of c and i?
4
Suppose 4*a - 2167 = -227. Suppose 2*c = a - 197. Let t = 178 - 162. Calculate the highest common divisor of c and t.
16
Let m(l) = -2*l - 10. Let v be m(-8). Let p = v + -2. Let a be p/(-16) + (-53)/(-4). Calculate the greatest common divisor of a and 104.
13
Let d be (-7)/(-5) - (6/(-15))/(-1). Let b be (-1)/3 + (-13)/(-3). Let v = b - 0. What is the greatest common divisor of d and v?
1
Suppose -28 = 5*x + 3*w + 77, 28 = -x - 2*w. Let i be (-68)/x + 4/18. Calculate the highest common factor of 36 and i.
4
Suppose 0 = -8*j + 6*j + 528. What is the highest common divisor of j and 24?
24
Let q be (1 - 0)*1*6. Let y(u) = -u**2 + 3*u. Let p be y(3). Suppose p = 4*k + k - 240. What is the highest common factor of q and k?
6
Suppose -2*f = 2*f - 480. What is the greatest common factor of f and 48?
24
Let j(x) be the second derivative of -x**5/20 + x**4/2 + x**3/2 - 5*x**2/2 - 3*x. Let f be j(6). What is the highest common factor of f and 13?
13
Suppose -v + 12 = 10. Suppose v*q - 54 = 18. Calculate the highest common divisor of 9 and q.
9
Let p be ((-36)/(-30))/((-8)/(-80)). Suppose -4*d - d - 3*o + 35 = 0, 6 = -d + 2*o. What is the highest common factor of p and d?
4
Let t(m) = -m**3 + 6*m**2 - 10*m + 2. Let s be t(4). Let r be 14 - (0 + (1 - 0)). Let u = r + s. What is the greatest common factor of u and 63?
7
Suppose 0 = k - 1, -5*k + 4*k = -2*v + 21. What is the greatest common divisor of 1 and v?
1
Let i = 16 + 10. Let l be 22/i + 22/143. What is the greatest common factor of l and 7?
1
Suppose 4*c + 5*l - 40 = 3*c, -4*l = -20. Suppose n + 0 = -4*j + 9, 3*n = j - 12. Suppose 1 = -j*g + 10. Calculate the highest common divisor of g and c.
3
Suppose -9*l - 330 = -14*l. Calculate the highest common factor of l and 11.
11
Suppose 0 = -3*g + 9, 3*l + 5*g + 47 = 251. Suppose -2*z + 32 + 7 = 5*f, 0 = -4*z + 5*f + l. Calculate the greatest common factor of 153 and z.
17
Let d be (-3 - (-4 + 18))*-1. Suppose -d = a - 5*n, 0*n + 3*n = 12. What is the greatest common divisor of 9 and a?
3
Let n(v) = 10*v - 14. Let j = -15 - -26. Let y be n(j). Calculate the highest common divisor of 24 and y.
24
Let f be (-640)/(-15) + ((-20)/12 - -1). Calculate the highest common divisor of f and 42.
42
Let j = 56 - 23. Let g = j + 47. Suppose -q + 5*y + 60 = 4*q, -5*q - 5*y + 40 = 0. Calculate the highest common divisor of q and g.
10
Suppose 10 = -5*g - 3*d - 0*d, -3*g - 3*d - 12 = 0. Let t be -2 + 0 + 48 - g. What is the greatest common factor of t and 9?
9
Suppose 127 + 33 = 8*u. Let l be -1 - (0 + 41*-1). Calculate the highest common divisor of u and l.
20
Suppose 0*q = -q + 12. Let z = -10 - -13. What is the greatest common divisor of z and q?
3
Let x(d) = d**2 - 2*d - 6. Let s be x(5). Suppose -5 = -2*w - 4*n - 23, 0 = -w + 3*n + 16. What is the highest common factor of w and s?
1
Let b(l) = 2*l**3 + 9*l**2 - 5*l - 7. Let p be b(-4). Calculate the highest common factor of p and 87.
29
Let v be (-1 + 0)*1/(-1). Let m(r) = -2 - v + 0 - 5*r. Let f be m(-5). Calculate the highest common divisor of 154 and f.
22
Let d(t) = -2*t. Let x be d(-3). What is the highest common divisor of 21 and x?
3
Let h be (160/(-12))/((-2)/3). What is the highest common factor of 12 and h?
4
Let c be (-3)/12 - 4068/(-16). Suppose 0*y + 68 = y - 4*j, -4*y = 2*j - c. Calculate the greatest common factor of y and 8.
8
Let u = -2 + 4. Suppose u*j = 19 - 3. Calculate the highest common divisor of 8 and j.
8
Suppose -5*a + 595 = -0*a. Let w = a - 76. Suppose -3*f - 4*l = -0*f - w, -3*l = f - 21. What is the highest common factor of 45 and f?
9
Suppose -2*y + 28 = -y. Suppose 3*c - y = 2. Calculate the greatest common factor of 50 and c.
10
Suppose t + 25 = -x, 4*t + 67 = -3*x + 3*t. Let z be -5 - x - 4/(-2). What is the highest common factor of 90 and z?
18
Let a be 2*(-1 + -1)/(-4). Let c = 0 + a. Let v be -4 + 2 - -4*c. What is the greatest common divisor of 6 and v?
2
Suppose 0 = 23*p - 19*p - 32. What is the greatest common divisor of p and 4?
4
Let r = -85 + 109. Let m be 1*263 + (0 - -1). Calculate the highest common divisor of m and r.
24
Let p = 51 + -33. What is the greatest common factor of 36 and p?
18
Let g be (-4)/6 - ((-2)/3 + -5). Calculate the highest common factor of 25 and g.
5
Let r = 29 - 18. What is the greatest common divisor of r and 110?
11
Let c be 17 - (1 + -2 + 3). Let h be ((-2)/6)/((-5)/c). What is the highest common factor of h and 6?
1
Suppose -3*k = k - 4, 5*g + 3*k - 8 = 0. Let h(x) = 7 + g - 3*x + x. Let o be h(-7). What is the highest common divisor of 2 and o?
2
Suppose 0 = -5*i + 3*d + 38, 0*d - 29 = -4*i + d. What is the highest common factor of i and 7?
7
Suppose 4*d - 6 = 18. Suppose -v = -d*v + 55. What is the greatest common divisor of 121 and v?
11
Let d = 21 + -13. Let m = 18 - d. Let a be ((-5)/(-3))/(1/6). What is the greatest common factor of a and m?
10
Let j = 5 - -4. What is the highest common divisor of j and 27?
9
Suppose 3*j - 87 = -6*y + 3*y, j - 4*y = 24. Suppose -i + 3 + 3 = 5*v, 4*i - 2*v - 2 = 0. Suppose -15 = -b - i. What is the greatest common factor of b and j?
14
Let b = 12 + -9. Suppose -v + 3*v = 4. Let i be (1/v)/(b/114). Calculate the greatest common divisor of i and 133.
19
Let w be (-6)/15*-10*1. Let u(r) = 5*r + 3. Let x be u(w). Suppose 4*k + 31 - 223 = -4*m, -3*k = m - 140. Calculate the highest common divisor of k and x.
23
Suppose -5*f - d + 41 = -4*d, 9 = f - d. What is the highest common divisor of 21 and f?
7
Let d = 81 - 53. What is the highest common divisor of 14 and d?
14
Let b = 2 + -8. Let s(h) = h**3 + 7*h**2 + 6*h + 9. Let c be s(b). Calculate the highest common divisor of c and 72.
9
Let g be 2 + 26 - (0 + 0). Suppose 4*u - u = 2*w - 2, 2*u = 3*w - 8. Calculate the greatest common divisor of g and w.
4
Let f be (1/3)/(5/600). Calculate the highest common divisor of 8 and f.
8
Suppose 3*h + 3*o - 12 = 0, 16 = 4*h - 3*o + o. What is the highest common factor of 2 and h?
2
Let h(t) = 41*t - 1. Suppose -3*p + 2 = -2*p. Let b be h(p). Calculate the highest common divisor of b and 9.
9
Suppose -18*z + 240 = 2*z. Calculate the highest common factor of z and 36.
12
Let m(t) = 4*t**2 + 1. Suppose -4*j - 1 = 3*c, 0 = 5*c - 2*j - j - 8. Let l be m(c). Calculate the highest common divisor of l and 5.
5
Suppose 3*x + 4*c - 23 = 2*x, 4*x - 4*c + 8 = 0. Suppose -x*l + 38 = -l. Suppose 0 = 4*w - 503 - 105. Calculate the greatest common divisor of w and l.
19
Suppose 5 = -5*j - 4*w, 3*w + 5 = 